at is the remainder when b is divided by 26?
25
Suppose -9 = c + g, 2*c + 23 = 4*g - g. Suppose -3*z + 91 = 4*z. Calculate the remainder when (-8)/c - (1452/10)/(-6) is divided by z.
12
Suppose -2*f + 390 = 4*i, -2*i + f + 190 = 9. Calculate the remainder when 616 is divided by i.
52
Let n be (-195)/260 - 13*10/8. Calculate the remainder when (-4)/8*2482/n is divided by 45.
28
Let t = -1308 - -1315. Suppose -6 + 34 = 2*r. Suppose -2*o = r - 68. What is the remainder when o is divided by t?
6
Let t be 0/(10/2) + (-1 - -4). Suppose -23 = t*f - 2*a, -3*a - 3 = 2*f + f. Let m = 30 + f. Calculate the remainder when m is divided by 8.
1
Let z = 13384 + -12731. What is the remainder when z is divided by 192?
77
Let s be (10/(-15))/((-3)/18). Suppose -2*k - 3*y + s*y + 8 = 0, 0 = -y + 4. What is the remainder when 23 is divided by k?
5
Let s = -1815 - -1946. Calculate the remainder when 139 is divided by s.
8
Suppose -126*s + 2016 = -114*s. Calculate the remainder when 691 is divided by s.
19
Suppose 4*l - 8 = 2*l. Suppose 8 = d + 2*f + 1, l*f + 35 = 5*d. What is the remainder when d is divided by -1*(-20)/(16/4)?
2
Let o = -52 - 24. What is the remainder when 67 is divided by 10/15 + (o/3)/(-4)?
4
Let w(b) = -b**3 - 10*b**2 - 28*b - 7. Let r be 0*3*(-3)/9. Suppose 3*j - 2*q = 110 + 126, 2*q - 4 = r. What is the remainder when j is divided by w(-6)?
12
What is the remainder when -1*(-6 + -8) - 8 - -460 is divided by 92?
6
Let a(g) = 3*g**2 + 6*g + 4. Let h(x) = 2*x + 180. Calculate the remainder when h(-7) is divided by a(-4).
26
Suppose 2*o + 0*i - 84 = 5*i, -5*i = 2*o - 104. Suppose -2*n - n = -252. Let p = -68 + n. What is the remainder when o is divided by p?
15
Suppose -4*g - 102 = -437*s + 432*s, s - 9 = -3*g. Calculate the remainder when 2 + 1/((-2)/(-244)) is divided by s.
16
Let h(f) = -f**3 + f**2 + f + 104. Let r be h(0). Suppose 0 = 5*t, -3*t + r = 4*v - 0*t. What is the remainder when 95 is divided by v?
17
Suppose g - a = 44, 0*a - 92 = -2*g + a. Suppose -6*k = -5*k - g. Let f = k - 36. Calculate the remainder when 30 is divided by f.
6
Let l be (-30)/18*(18/(-3) + 0). Let j be (220/(-25))/((-4)/l). Suppose -4*b - 3*d = -5 - j, 2*b - 3*d - 9 = 0. What is the remainder when 21 is divided by b?
3
Let y(j) = j**3 - 17*j**2 + 51*j - 82. What is the remainder when 2237 is divided by y(14)?
37
Let f be (66 - 2)/4 - -2. Let b = 2 + 10. What is the remainder when 726/f - 6/(-9) is divided by b?
5
Let s = 24 - 6. Suppose -8*j = -19*j - 583. Let y = 87 + j. What is the remainder when y is divided by s?
16
What is the remainder when 578 is divided by 6/2 + -43 + 35 + 22?
0
Let b = 1663 + -1622. Suppose -35 = 2*y - 3*y. Let h = b - y. Calculate the remainder when 29 is divided by h.
5
Let c = 485 + -290. Calculate the remainder when 1559 is divided by c.
194
Let v = 11 - 5. Suppose 2*b + 8 = v*b. Suppose -11*w + 2*p + 1 = -10*w, -3*w + 4*p = -3. What is the remainder when b is divided by w?
0
Suppose -10*y + 63 + 479 + 178 = 0. Calculate the remainder when y is divided by 25.
22
Calculate the remainder when (10/(-12))/(67/(-14070)) is divided by 161.
14
Let j(f) = f**2 + 6*f + 2. Let h be 0 - (-88)/4*(-21)/(-14). Suppose -363 = -0*p - h*p. Calculate the remainder when j(6) is divided by p.
8
Let d = 1319 - 1265. What is the remainder when 374 is divided by d?
50
Let o(x) = -2*x - 31. Let w(z) = z + 33. Let t(q) = 3*o(q) + 4*w(q). Suppose -11 = -h + 4. What is the remainder when t(h) is divided by 5?
4
Suppose 397 = 2*b - 5*n, -241 + 40 = -b + 3*n. What is the remainder when b is divided by 71?
44
Let x(v) = -6*v - 651. Calculate the remainder when 259 is divided by x(-129).
13
Calculate the remainder when 740/21*6048/420 + 9/(-21) is divided by 86.
77
Suppose -85*c + 54755 - 8600 = 0. What is the remainder when c is divided by 28?
11
Let q = -966 + 1001. What is the remainder when 174 is divided by q?
34
Let d(c) = c + 6. Let t be d(5). Let m = t - 5. What is the remainder when m is divided by (-8)/(-24 + 11 + 11)?
2
Let z = -8176 - -8248. Calculate the remainder when z is divided by 34.
4
Suppose -216 - 746 = -37*j. What is the remainder when 18145 is divided by j?
23
Let k(d) = -d**3 - 5*d**2 - 3*d + 3. What is the remainder when k(-6) is divided by -3*(184/(-28) - (-39)/(-91))?
15
Let o = -14 + 116. Suppose 2*a = -2*u + o, u + u - 114 = 4*a. Let l = u + -47. Calculate the remainder when 17 is divided by l.
5
Calculate the remainder when 24/(-8) - -2*48 is divided by 49/1 - -6*(-3)/9.
46
Suppose -4*r = -4697 + 1309. Suppose 0*z + r = 7*z. Suppose -6*f - z + 505 = 0. Calculate the remainder when f is divided by 23.
18
Let x(b) = 40*b**2 - 65*b - 65. What is the remainder when x(-1) is divided by 11?
7
Suppose 0 = 5*l - 20, -25 = -42*j + 37*j + 5*l. Calculate the remainder when 368 is divided by j.
8
Let g = 369 + -354. Suppose 0 = -g*i + 13*i + 256. What is the remainder when i is divided by 26?
24
Let p(b) = -113*b - 18. What is the remainder when p(-3) is divided by (-4 - -2)*(-51)/6?
15
Suppose 18*z = 32*z - 322. Suppose z*x - 8547 = -14*x. What is the remainder when x is divided by 8?
7
Calculate the remainder when 3*(3/(-9))/(16/(-9632)) is divided by 278.
46
Let b(l) = 77*l**3 + 5*l - 6. Let a = 101 + -100. What is the remainder when 226 is divided by b(a)?
74
Calculate the remainder when -309*((-70)/(-15))/(-14) is divided by 26.
25
Suppose 44 = 8*a - 12. Suppose o + a - 27 = 0. Calculate the remainder when 62 is divided by o.
2
Let a = -14814 - -15066. What is the remainder when a is divided by 13?
5
Let s = -3038 - -3657. Calculate the remainder when s is divided by 89.
85
Let o = 10 + -4. Let k be (-3)/2*-1*60/o. Suppose 0 = -16*a + k*a + 13. Calculate the remainder when 48 is divided by a.
9
What is the remainder when 2836/10 + (-765)/1275 is divided by 67?
15
Let o(t) = 4*t**3 + 54*t**2 + 23*t + 357. What is the remainder when o(-13) is divided by 177?
42
Let n = 2352 + -1916. What is the remainder when n is divided by 50?
36
Let v(l) = -12*l + 2. Let i(z) = -z - 97. Let h(u) = -3*u - 195. Let w(x) = 2*h(x) - 5*i(x). What is the remainder when w(14) is divided by v(-1)?
11
Suppose 0 = 8*h - 0*h - 336. Let c = -1024 - -1148. Calculate the remainder when c is divided by h.
40
Let k = 21 - -34. Suppose -y + 15 = 26*r - 27*r, 4*y - k = 5*r. Let z = 6 + 3. Calculate the remainder when y is divided by z.
2
Suppose 0 = 545*p - 566*p + 483. Calculate the remainder when 303 is divided by p.
4
Suppose 4*b + 520 = 3320. Calculate the remainder when b is divided by 64.
60
Let k = 65 - 50. Let v(m) = -m**3 - 9*m**2 - 9*m - 7. Let q be v(-8). Let o = k + q. Calculate the remainder when 78 is divided by o.
14
Suppose 0 = -5*v - 20*g + 21*g + 10, 0 = 3*v + g + 2. Let n = 0 - -1. What is the remainder when -5 + (v + -3)*(-21)/6 is divided by n?
0
Suppose -5*c - 235 = -3*x, 16 = -3*c + 10. Suppose -6*r + 200 = -r. Let b = x - r. What is the remainder when 68 is divided by b?
33
Let u(m) = 9*m + 1. Let r be u(2). Let y = r + -10. Calculate the remainder when 10 - ((-4 - 1) + -44 + 43) is divided by y.
7
Suppose 10*d = -4*d + 588. Let z = d + -38. Calculate the remainder when 30 is divided by z.
2
What is the remainder when ((-264)/(-30))/(-1 - 471/(-465)) is divided by 3?
1
Let b be 9/((-81)/6) - 2/6. Let x(z) = -14*z**3 - z. Let g be x(b). Suppose 2*u - g = 3. Calculate the remainder when 15 is divided by u.
6
Let s(x) = -39*x - 417. What is the remainder when s(-36) is divided by 15?
12
Let o(s) = s**3 + 11*s**2 - 2*s - 15. Calculate the remainder when 88 is divided by o(-3).
25
Let u(d) be the second derivative of d**4/4 + 3*d**2 - 8*d. Let t be u(5). Let p = -70 + t. Calculate the remainder when 18 is divided by p.
7
Suppose -73*l + 12392 + 6928 = -3*l. What is the remainder when l is divided by 1?
0
Let u = -5993 - -6085. What is the remainder when 147 is divided by u?
55
Let w(c) = 12*c + 2. Let t be w(1). What is the remainder when 916/t + -2 + (-3)/7 is divided by 26?
11
Calculate the remainder when 514 is divided by ((-1640)/(-16) - 5)*18/27.
59
Let k = 105 - 42. Let i(l) = l**3 - 1. Let v(w) = 5*w**3 - 4*w**2 + 4*w + 3. Let t(h) = -4*i(h) + v(h). Calculate the remainder when k is divided by t(4).
17
Let i = 26 - 13. Let m(y) = -4 + 16*y - y